ulate the highest common divisor of 88 and j.
11
Suppose -20*p - 249 = -889. Calculate the highest common divisor of p and 40.
8
Let k be (5/(-5))/(2/278). Let w be 60*(-3 - (-3)/2). Let d = w - k. Calculate the highest common divisor of d and 7.
7
Let l(r) = r + 17. Let x be l(-19). Let h be 1656/15 - x/(-5). Calculate the highest common factor of h and 10.
10
Let w(l) = 13*l - 66. Let u be w(27). Suppose 0*y + 167 = 3*y + z, -5*y = -5*z - u. Calculate the greatest common factor of 42 and y.
14
Suppose 288 = -3*q + 11*q. Suppose -2*p + y = -4*y - q, 4*y = -3*p + 54. Calculate the highest common divisor of 162 and p.
18
Let h be (-1 + -9)/((-1)/(-5 - -1)). Let t = h - -51. Let p be 22/(-3)*99/(-6). Calculate the highest common factor of t and p.
11
Let f = 56 + -38. Suppose -2*q - f = -138. Let n(d) = 15*d**2 + d + 1. Let c be n(-1). Calculate the greatest common factor of c and q.
15
Let s = 96 - 60. Suppose 0*d - 4*d + s = 0. Let h(b) = -b**3 + 5*b**2 + 6*b + 6. Let n be h(6). Calculate the greatest common factor of d and n.
3
Let v = 356 + 409. Suppose -4*y + 21*y - v = 0. Calculate the greatest common factor of 18 and y.
9
Let p(q) = 164*q**3 + q**2 + q - 1. Let x be p(1). Suppose -j + 5*u - 14 = -24, 3*j - 2*u = 43. What is the highest common divisor of x and j?
15
Let z = -38 - -170. Suppose -2*r - 5*g + z = 0, 3*r + g = -2*r + 284. Calculate the highest common factor of r and 14.
14
Let f be 514/12 - 16/(-96). What is the highest common divisor of f and 129?
43
Suppose -49*w - 6080 = -65*w. Calculate the highest common divisor of w and 10.
10
Let u be ((-40)/(-14))/(288/(-1680))*-54. What is the highest common divisor of u and 100?
100
Let k = -1 - 3. Let w be -2 - k/2 - 2. Let t be 3/((-19)/(-8) + w). What is the highest common factor of t and 8?
8
Let r be (-8)/6*(-9)/6. Suppose -j + 5*j = -b + 52, -r*b - j + 69 = 0. Suppose 2*l - 2 - 6 = 0. What is the greatest common divisor of l and b?
4
Suppose 52344 = 40*b + 6584. What is the greatest common factor of b and 11?
11
Let f = 8 - 3. Suppose f*j - 850 = -80. Suppose -m = m - j. What is the highest common factor of m and 7?
7
Suppose 5*k - 8*k + 159 = 0. Suppose -k = -4*n + 107. Suppose 3*g - 76 = -2*g - 4*c, -2*g - 2*c = -30. What is the greatest common factor of g and n?
8
Let d(j) = 86*j - 842. Let u be d(43). Calculate the greatest common factor of u and 17.
17
Let t = -339 + 408. Calculate the highest common divisor of t and 391.
23
Let x(d) = 41*d - 4. Let w be x(1). Suppose -5*z + 8 + w = 0. Calculate the highest common factor of z and 63.
9
Let b = 320 - 280. Calculate the greatest common divisor of b and 10.
10
Let p(v) = -12*v - 1. Let i be p(3). Let r = -15 - i. Let c = r - 17. Calculate the highest common divisor of c and 35.
5
Let a be 6 - (1 + -2)*-2. Let k be 2/4*a - -31. Suppose -1 = -2*m + 21. Calculate the greatest common divisor of m and k.
11
Let k(c) = -c + 17. Let y be k(13). Suppose 52 = 2*m + 5*n, -y*m + 2*n + 140 = 3*n. Let h = m + -12. Calculate the highest common factor of 16 and h.
8
Suppose 0 = -4*d + 1209 - 1153. Calculate the highest common divisor of d and 1134.
14
Let u = 35 - 31. Suppose u*m - 32 = -8. Calculate the highest common divisor of m and 12.
6
Suppose 0 = 4*q - 7*q - 270. Let j be q/(-4) - (-2)/(-4). Let d = -5 + 27. What is the greatest common factor of j and d?
22
Let t = 52 + -93. Let f = -15 - t. What is the highest common factor of 65 and f?
13
Suppose 0 = -3*y + 1 + 65. Suppose 4*g - 222 = -y. Let k = 113 - g. What is the highest common factor of k and 7?
7
Suppose 56*i + 107*i - 1304 = 0. Suppose -5*u + 59 = o, -o - u + 0*u = -47. What is the greatest common divisor of i and o?
4
Suppose -11 = -5*x - 1. Let j = -196 + 204. What is the highest common divisor of j and x?
2
Let m be (2/3)/((88/(-12))/11). Let x = 81 + m. Calculate the highest common factor of x and 200.
40
Let a be (-60)/(-75)*(-5)/(-1). Let g be -4 - (2 - 68/a). Let x be ((-1)/(-2))/(3/726). Calculate the greatest common divisor of g and x.
11
Let g be ((-9)/12)/(2/(12144/6)). Let r = -7 - -10. Let y be g/(-9) - 1/r. Calculate the highest common divisor of 28 and y.
28
Let m be (228/16 + -12)/((-2)/(-8)). Let s = 36 - -9. Calculate the greatest common factor of s and m.
9
Let a = 43 + 29. Suppose 2*o + 45 = o. Let w be (a/10)/((-3)/o). What is the greatest common factor of 12 and w?
12
Let y = -87 + 84. Let k be y/(235/(-55) - -4). What is the greatest common factor of 77 and k?
11
Let w be 6*171/81*21. What is the greatest common factor of 38 and w?
38
Let u(h) = 115*h + 1. Let c be u(6). Let y = c + -231. Suppose -3*x - y = -5*x + m, 2*m = 3*x - 688. Calculate the greatest common divisor of x and 29.
29
Let p = -1071 + 1078. What is the highest common factor of 27 and p?
1
Suppose 3 = -3*d - 0. Let m(f) = 6*f - 1 + 3*f - 14*f + 3*f + 10*f**2. Let z be m(d). Calculate the greatest common divisor of 77 and z.
11
Let t = -157 - -158. Let k = -5 + 12. What is the highest common divisor of k and t?
1
Let b(f) = f + 10*f**2 - 11*f**2 + 18*f**2 + 2. Suppose -3*c + 1 = 5*d, 5*d - c + 0 = -7. Let a be b(d). What is the greatest common divisor of a and 36?
18
Let b = 184 - 308. Let s be b/8 - 3/(-2). Let j be (-12)/s*(-42)/(-3). What is the greatest common factor of 3 and j?
3
Let b(h) = -h + 4. Let i be b(6). Let u = i + 2. Suppose 3*w + 158 - 422 = u. Calculate the greatest common divisor of 11 and w.
11
Let w = 47 + -45. Let m be (w/(-4) + -2)*(-9 + 7). Calculate the greatest common divisor of m and 55.
5
Suppose -8152 = -24*o + 13928. Calculate the highest common divisor of 16 and o.
8
Let k = -60 + 144. Let u be (70/(-25))/((-2)/20). What is the greatest common factor of k and u?
28
Suppose 0 = 5*v - 0*r - 2*r - 87, 5*r - 46 = -3*v. Suppose 6*h - 7 = v. Calculate the greatest common factor of 28 and h.
4
Let i be ((-88)/(-18))/(-11) - (-1129)/9. What is the greatest common factor of i and 25?
25
Suppose 6 = 4*h - 2*k, -6*h + 3*k = -h - 6. Suppose -2*y + 11 = -3*g - 1, -5*g = 3*y - 56. Let q = y + h. Calculate the greatest common factor of 5 and q.
5
Suppose 2*h + 12 - 96 = 0. Let l = h + -36. Let c be 1/2 + (-3)/(-2). What is the highest common factor of l and c?
2
Suppose -3*h + 158 = -373. Let m = h - 100. What is the highest common factor of 7 and m?
7
Let i(r) = 62*r. Let a be i(1). Suppose 20 = 5*x, 0*v + v - 3*x = 81. Calculate the highest common factor of a and v.
31
Let q be (-45)/(-105)*(8 + -1). Suppose 6*w = q*k + 3*w - 165, 2*k - 5*w = 113. Let b be (8/10)/((-2)/(-90)). What is the highest common factor of k and b?
18
Let a = -960 + 1605. Calculate the highest common factor of 15 and a.
15
Let m(s) be the second derivative of s**4/12 + 2*s**3/3 - 17*s**2/2 + 5*s. Let c be m(4). Calculate the highest common factor of 20 and c.
5
Suppose 4*k + 26 = -0*m + m, -35 = -5*m + k. Let j(g) = 6*g + 15. Let t be j(m). Calculate the highest common factor of 34 and t.
17
Suppose -3*w + 0*h - h - 49 = 0, -4*h = 4. Let q = w - -22. Suppose 0 = q*k - 2*k + 12, -k = -2*r + 11. Calculate the highest common divisor of 28 and r.
4
Suppose 3 = 5*n - 2. Let m be -2*n/2*-211. Suppose -3*b + m = -29. What is the highest common factor of 20 and b?
20
Let h = -109 + 127. Calculate the greatest common factor of h and 18.
18
Suppose 0 = -13*j - 5 + 70. Suppose -q - j*n = -10 - 9, 0 = 3*n - 3. What is the highest common factor of 14 and q?
14
Let w(x) = -2*x**3 - 2*x**2 + 4*x + 2. Let l be w(-3). Let j = -21 + l. What is the highest common factor of j and 25?
5
Let q(s) = -38*s - 3. Let k be q(-2). Let o = k + -33. Let n be (5/1 - 1) + 1. What is the greatest common factor of o and n?
5
Let v = 769 - 679. What is the greatest common divisor of v and 72?
18
Let x = 115 + -111. Suppose 0 = -5*q + 15, -5*v - 4 = -x*q - 52. Let k = 88 - 52. What is the greatest common divisor of v and k?
12
Let o = 3155 - 2063. What is the highest common divisor of o and 13?
13
Suppose -5*g - 203 = -3*v, -5*v + 8*g + 355 = 3*g. What is the highest common divisor of v and 4?
4
Let q be 0 + 2 + -4 + 52/2. Suppose -w = -3*w + 12. What is the highest common divisor of q and w?
6
Let f be 142 + 3 + (-1 - -8). Calculate the greatest common factor of f and 95.
19
Let g(t) = t**3 - 8*t**2 + 9. Let k be g(8). Let u